34637 a prime number?
False
Is 152700734 prime?
False
Is 809456059 a prime number?
False
Is 56043259 a prime number?
True
Is 24815891209 prime?
True
Is 1490134813 prime?
False
Is 8652899083 prime?
True
Is 69575755831 prime?
True
Is 115285127 a prime number?
True
Is 858430281 composite?
True
Is 1559554287 composite?
True
Is 5397983303 prime?
True
Is 834578833 composite?
True
Is 2425178699 prime?
False
Is 43252298189 a prime number?
False
Is 9768278909 composite?
True
Is 59661004379 a composite number?
True
Is 2022709069 composite?
False
Is 7713435557 a composite number?
False
Is 27101509559 a prime number?
False
Is 230881619429 a prime number?
False
Is 1339050109 a composite number?
True
Is 20030131067 composite?
True
Is 416709826055 a prime number?
False
Is 4078373513 a composite number?
True
Is 886753867 a composite number?
False
Is 4483977307 prime?
False
Is 40152599723 prime?
False
Is 1365382061 a prime number?
True
Is 10631736751 a composite number?
False
Is 2921773379 prime?
False
Is 2816752153 composite?
False
Is 20775191 a prime number?
True
Is 19253771263 prime?
False
Is 32390493073 a prime number?
False
Is 286497109 composite?
True
Is 132277139 a prime number?
False
Is 14664775561 a prime number?
True
Is 4440432671 a prime number?
True
Is 11537694307 prime?
False
Is 1201802909 a composite number?
False
Is 1810027841 a composite number?
True
Is 54717790151 a prime number?
False
Is 1413131369 a composite number?
True
Is 87050351 a prime number?
False
Is 3081256259 composite?
False
Is 6730887847 composite?
True
Is 206204861 a prime number?
True
Is 17392161 a prime number?
False
Is 13908321239 a prime number?
True
Is 4615193217 prime?
False
Is 522249263 prime?
True
Is 9997514 a prime number?
False
Is 3400460711 composite?
True
Is 1006120697 composite?
False
Is 45426391 prime?
True
Is 20978908337 a composite number?
False
Is 11991029759 a composite number?
False
Is 3949251587 composite?
False
Is 11404214293 a composite number?
False
Is 13897232549 composite?
False
Is 3730562621 composite?
False
Is 2219939987 prime?
False
Is 4259554519 composite?
True
Is 44112477 prime?
False
Is 14749703887 composite?
False
Is 135875773 prime?
False
Is 1573016369 a composite number?
False
Is 129387953 a composite number?
True
Is 545429719 a prime number?
False
Is 19880322821 a prime number?
True
Is 7184880821 prime?
False
Is 123074831 a prime number?
False
Is 1427810873 a composite number?
False
Is 559393031 a composite number?
False
Is 175184683 a prime number?
False
Is 681470203 a prime number?
True
Is 8828674553 a prime number?
True
Is 4303495589 a composite number?
True
Is 146156345 composite?
True
Is 11010326333 a composite number?
True
Is 16596192817 a prime number?
True
Is 50243731 a prime number?
False
Is 47085305879 a composite number?
False
Is 42379699382 prime?
False
Is 413842333 composite?
True
Is 98456174077 composite?
True
Is 8374837631 composite?
True
Is 10365213193 prime?
False
Is 3682941411 prime?
False
Is 608638169 a composite number?
True
Is 1245932179 composite?
False
Is 1961520259 prime?
True
Is 31161313597 composite?
False
Is 248081791 a composite number?
True
Is 4433896511 composite?
True
Is 16620229603 prime?
False
Is 701575531 composite?
False
Is 12860802053 a composite number?
True
Is 48846342691 a composite number?
False
Is 83056737019 a prime number?
True
Is 28026799315 a composite number?
True
Is 2089847 a composite number?
False
Is 3654047857 prime?
True
Is 321146537 a prime number?
False
Is 139877919469 a composite number?
False
Is 3385291669 a composite number?
True
Is 1698296087 prime?
True
Is 33508183589 a composite number?
True
Is 17689293487 prime?
True
Is 208227436279 a prime number?
False
Is 1483611593 composite?
False
Is 3716858843 a prime number?
True
Is 166536788785 a composite number?
True
Is 1012388843 a prime number?
True
Is 22284335303 composite?
False
Is 31305671 a prime number?
True
Is 64250866531 composite?
False
Is 16839114359 prime?
True
Is 1565522507 a prime number?
False
Is 23694140411 a composite number?
False
Is 397519698977 prime?
True
Is 69507449329 a prime number?
False
Is 66265175903 a prime number?
False
Is 27630141485 a composite number?
True
Is 155816707 composite?
False
Is 874307069 composite?
False
Is 33015460201 prime?
True
Is 1800317837 prime?
False
Is 89096911331 prime?
False
Is 100479371 a composite number?
False
Is 474425674759 composite?
False
Is 232770238 a composite number?
True
Is 11087947957 a composite number?
True
Is 4425697877 composite?
False
Is 26046751 a prime number?
True
Is 8935878167 a prime number?
True
Is 8597592538 prime?
False
Is 2424386683 a prime number?
True
Is 37465641221 composite?
False
Is 148440694591 a composite number?
True
Is 1393741829 a prime number?
True
Is 339579697 a composite number?
False
Is 971125345 prime?
False
Is 195459097 prime?
False
Is 765563891 composite?
False
Is 206578859 composite?
False
Is 786422777 a composite number?
True
Is 242116289 composite?
False
Is 89875221946 a composite number?
True
Is 404699839 a composite number?
False
Is 17842742 a prime number?
False
Is 1487865703 prime?
False
Is 37946238353 a prime number?
False
Is 1474850639 a prime number?
True
Is 124089215 a composite number?
True
Is 628066981 prime?
False
Is 4365865633 a prime number?
True
Is 8640854437 a composite number?
True
Is 1136723821 composite?
True
Is 32490751 a prime number?
False
Is 1645362847 a prime number?
False
Is 1822238267 a composite number?
False
Is 49895707157 a composite number?
False
Is 800547827 a composite number?
True
Is 558249226445 prime?
False
Is 1911840977 composite?
True
Is 775897769 composite?
False
Is 9404918195 composite?
True
Is 122167258009 a prime number?
True
Is 29981347127 a composite number?
False
Is 18064662883 composite?
False
Is 5174336789 a composite number?
True
Is 32676786607 composite?
True
Is 38233008137 prime?
True
Is 31534730243 a composite number?
False
Is 303244913 a prime number?
True
Is 1219260697 composite?
False
Is 19308391 prime?
False
Is 2081060507 a prime number?
True
Is 258745849 a composite number?
False
Is 26977608761 a composite number?
False
Is 298920667 a composite number?
False
Is 236508581 a prime number?
False
Is 9427801 composite?
False
Is 162470617 a prime number?
False
Is 11470940311 composite?
False
Is 5779054265 a prime number?
False
Is 249255823 a composite number?
True
Is 2435172683 prime?
True
Is 9687361043 a composite number?
False
Is 33155139701 a composite number?
True
Is 1677454847 a prime number?
True
Is 50826601061 a composite number?
False
Is 23606199343 composite?
False
Is 67890373193 a composite number?
False
Is 37450721023 composite?
False
Is 109022759 prime?
False
Is 2835378977 composite?
False
Is 4686402173 composite?
False
Is 675856015 a prime number?
False
Is 63187433 a composite number?
True
Is 38597024887 composite?
False
Is 1850076223 a composite number?
False
Is 615670067 a prime number?
True
Is 33437960693 a composite number?
False
Is 166474203089 a prime number?
True
Is 4658602789 composite?
False
Is 31591464985 composite?
True
Is 9357817241 composite?
False
Is 20018567879 prime?
True
Is 570925769 a prime number?
True
Is 105483827963 composite?
False
Is 12329097101 a prime number?
False
Is 1709055401 composite?
False
Is 1067647349 composite?
False
Is 4067081705 a composite number?
True
Is 80314027 a composite number?
True
Is 168411049 prime?
False
Is 15383232379 a composite number?
True
Is 560775827 composite?
False
Is 519515567 a composite number?
False
Is 834400913 prime?
True
Is 754808539 a composite number?
True
Is 788338727 a composite number?
True
Is 11094332549 composite?
True
Is 4922744419 prime?
True
Is 2887323691 a composite number?
True
Is 51593293 a prime number?
False
Is 143597367917 a composite number?
True
Is 7247628961 a prime number?
False
Is 1066184507 prime?
False
Is 53712162029 a composite number?
False
Is 132873509 a composite number?
False
Is 391735601 a composite number?
False
Is 597257231 a prime number?
True
Is 69942303257 a prime number?
False
Is 24421319713 a composite number?
True
Is 63143321485 composite?
True
Is 168667277833 composite?
True
Is 80069648273 prime?
True
Is 1001934055 a composite number?
True
Is 73003613 a composite number?
False
Is 44